e of 5?
False
Does 43 divide 68?
False
Is 12 a factor of 38496?
True
Is 142 a factor of 77532?
True
Is 27 a factor of 309?
False
Is 19 a factor of 616?
False
Does 9 divide 22014?
True
Is 19 a factor of 1292?
True
Is 8 a factor of 1056?
True
Is 3060 a multiple of 17?
True
Is 1463 a multiple of 20?
False
Is 4329 a multiple of 13?
True
Is 33 a factor of 3663?
True
Is 939 a multiple of 74?
False
Is 6 a factor of 138?
True
Is 5 a factor of 2290?
True
Is 4758 a multiple of 61?
True
Does 10 divide 5086?
False
Does 75 divide 17100?
True
Is 4840 a multiple of 10?
True
Is 9 a factor of 332?
False
Does 68 divide 10676?
True
Does 76 divide 1520?
True
Does 8 divide 40?
True
Is 27 a factor of 5413?
False
Does 182 divide 9960?
False
Does 26 divide 2158?
True
Does 36 divide 1259?
False
Does 385 divide 126665?
True
Does 21 divide 3363?
False
Is 834 a multiple of 130?
False
Is 4179 a multiple of 21?
True
Is 18 a factor of 1584?
True
Is 797 a multiple of 27?
False
Is 51 a factor of 1766?
False
Does 6 divide 4302?
True
Is 21 a factor of 1659?
True
Is 99 a factor of 891?
True
Is 3 a factor of 10933?
False
Is 12500 a multiple of 20?
True
Does 12 divide 1428?
True
Does 22 divide 112?
False
Is 8 a factor of 483?
False
Is 82740 a multiple of 7?
True
Is 5440 a multiple of 64?
True
Is 488 a multiple of 5?
False
Is 11 a factor of 1452?
True
Does 67 divide 3148?
False
Does 5 divide 21?
False
Does 36 divide 2160?
True
Is 382 a multiple of 61?
False
Does 24 divide 1392?
True
Is 656 a multiple of 8?
True
Does 34 divide 20163?
False
Does 16 divide 130418?
False
Is 2336 a multiple of 9?
False
Is 15 a factor of 780?
True
Is 2503 a multiple of 38?
False
Is 105 a factor of 2625?
True
Is 6 a factor of 120?
True
Does 51 divide 1737?
False
Is 108 a factor of 432?
True
Is 69264 a multiple of 27?
False
Is 76 a factor of 14691?
False
Is 42 a factor of 647?
False
Is 13 a factor of 10071?
False
Does 233 divide 18640?
True
Is 28 a factor of 110980?
False
Does 20 divide 17927?
False
Is 214 a multiple of 3?
False
Is 2772 a multiple of 6?
True
Does 7 divide 763?
True
Is 30142 a multiple of 14?
True
Does 20 divide 1683?
False
Does 24 divide 100824?
True
Is 15463 a multiple of 92?
False
Is 24 a factor of 552?
True
Does 14 divide 5194?
True
Does 95 divide 64931?
False
Does 63 divide 5161?
False
Is 56070 a multiple of 30?
True
Is 18527 a multiple of 97?
True
Does 125 divide 24053?
False
Does 129 divide 3669?
False
Is 3165 a multiple of 9?
False
Does 150 divide 7741?
False
Is 2454 a multiple of 19?
False
Is 4292 a multiple of 23?
False
Does 91 divide 2548?
True
Is 6 a factor of 30?
True
Is 22093 a multiple of 91?
False
Does 13 divide 74256?
True
Is 14 a factor of 18429?
False
Does 50 divide 850?
True
Is 2944 a multiple of 9?
False
Is 6 a factor of 1015?
False
Is 8 a factor of 203?
False
Is 27767 a multiple of 13?
False
Is 17650 a multiple of 50?
True
Is 59812 a multiple of 38?
True
Is 639 a multiple of 89?
False
Is 2051 a multiple of 33?
False
Is 14 a factor of 112?
True
Is 7190 a multiple of 8?
False
Is 45 a factor of 540?
True
Is 9 a factor of 96156?
True
Is 15 a factor of 3480?
True
Does 76 divide 74860?
True
Is 87 a factor of 15834?
True
Does 15 divide 304?
False
Is 72 a multiple of 12?
True
Is 13 a factor of 637?
True
Is 677 a multiple of 11?
False
Is 20 a factor of 880?
True
Is 1040 a multiple of 40?
True
Is 20 a factor of 3420?
True
Is 1980 a multiple of 45?
True
Is 18 a factor of 647?
False
Does 71 divide 1065?
True
Is 4050 a multiple of 75?
True
Does 13 divide 59?
False
Is 15 a factor of 9721?
False
Does 87 divide 15211?
False
Does 17 divide 3848?
False
Is 3567 even?
False
Is 42 a factor of 4509?
False
Does 10 divide 4228?
False
Does 23 divide 6601?
True
Is 25103 a multiple of 524?
False
Is 379 a multiple of 25?
False
Does 2 divide 248?
True
Is 41 a factor of 6888?
True
Is 4758 a multiple of 78?
True
Is 24 a factor of 6480?
True
Is 120 a multiple of 5?
True
Is 258 a multiple of 12?
False
Is 25 a factor of 1011?
False
Does 6 divide 234?
True
Is 9224 a multiple of 19?
False
Is 224 a factor of 58243?
False
Does 45 divide 41967?
False
Is 27 a factor of 4320?
True
Does 81 divide 972?
True
Is 65 a factor of 5869?
False
Is 12856 a multiple of 8?
True
Is 5 a factor of 4785?
True
Is 68 a multiple of 34?
True
Is 125 a factor of 46000?
True
Does 22 divide 1254?
True
Is 21610 a multiple of 10?
True
Does 61 divide 2867?
True
Is 39724 a multiple of 10?
False
Is 28 a factor of 15512?
True
Does 4 divide 88?
True
Does 75 divide 346?
False
Does 8 divide 1960?
True
Is 30950 a multiple of 32?
False
Is 15367 a multiple of 18?
False
Is 1274 a multiple of 44?
False
Is 804 a multiple of 12?
True
Is 18319 a multiple of 25?
False
Is 335 a multiple of 6?
False
Does 21 divide 924?
True
Does 144 divide 2111?
False
Is 6 a factor of 294?
True
Is 21 a factor of 3717?
True
Is 25 a factor of 7750?
True
Is 470 a multiple of 42?
False
Is 3 a factor of 883?
False
Is 651 a multiple of 21?
True
Does 13 divide 1078?
False
Is 12 a multiple of 4?
True
Does 68 divide 2178?
False
Is 212 a factor of 24804?
True
Is 18876 a multiple of 52?
True
Is 8 a factor of 3752?
True
Does 37 divide 1628?
True
Is 4312 a multiple of 8?
True
Does 46 divide 6962?
False
Is 2915 a multiple of 11?
True
Does 10 divide 116?
False
Does 48 divide 2090?
False
Is 3 a factor of 1939?
False
Is 37856 a multiple of 13?
True
Does 37 divide 4083?
False
Does 7 divide 364?
True
Does 142 divide 30282?
False
Is 4 a factor of 1432?
True
Does 19 divide 208?
False
Is 14839 a multiple of 11?
True
Does 60 divide 840?
True
Does 95 divide 475?
True
Is 15 a factor of 4410?
True
Is 12 a factor of 1272?
True
Is 19 a factor of 1261?
False
Does 32 divide 237?
False
Is 62 a factor of 1426?
True
Is 3 a factor of 130?
False
Is 14 a factor of 83927?
False
Is 8901 a multiple of 23?
True
Does 95 divide 1710?
True
Does 149 divide 3129?
True
Is 22376 a multiple of 51?
False
Is 6856 a multiple of 35?
False
Is 1250 a multiple of 50?
True
Is 794 a multiple of 2?
True
Does 19 divide 36025?
False
Is 3 a factor of 1184?
False
Does 13 divide 871?
True
Is 170 a factor of 2380?
True
Is 42 a factor of 466?
False
Is 745 a multiple of 4?
False
Is 45383 a multiple of 145?
False
Does 11 divide 37785?
True
Is 20 a factor of 799?
False
Does 14 divide 1079?
False
Does 75 divide 16061?
False
Is 13 a factor of 183?
False
Does 3 divide 68?
False
Is 2320 a multiple of 29?
True
Is 26 a factor of 1397?
False
Is 2906 a multiple of 8?
False
Is 888 a multiple of 4?
True
Is 32 a factor of 544?
True
Does 28 divide 4424?
True
Is 153 a factor of 6885?
True
Is 7 a factor of 6534?
False
Is 1105 a multiple of 17?
True
Is 28 a factor of 588?
True
Is 25 a factor of 65925?
True
Does 63 divide 24082?
False
Does 267 divide 13083?
True
Is 1200 a multiple of 15?
True
Does 17 divide 58174?
True
Is 7308 a multiple of 84?
True
Is 907 a multiple of 6?
False
Is 6 a factor of 7716?
True
Does 46 divide 92?
True
Does 5 divide 101?
False
Is 14 a factor of 1082?
False
Does 13 divide 50076?
True
Does 40 divide 3559?
False
Is 68 a factor of 3995?
False
Is 2309 a multiple of 12?
False
Is 9622 a multiple of 26?
False
Is 404 even?
True
Is 144 a multiple of 4?
True
Does 7 divide 60212?
False
Is 17 a factor of 459?
True
Is 714 a multiple of 42?
True
Is 946 a multiple of 5?
False
Is 5 a factor of 85?
True
Does 11 divide 55?
True
Does 18 divide 54162?
True
Is 18 a factor of 5508?
True
Is 3 a factor of 3770?
False
Is 49 a factor of 8770?
False
Is 45 a multiple of 3?
True
Is 26 a factor of 7413?
False
Does 9 divide 2799?
True
Is 41 a factor of 46371?
True
Does 30 divide 1495?
False
Is 218 a multiple of 7?
False
Is 104 a factor of 14144?
True
Does 7 divide 168?
True
Is 4 a factor of 1272?
True
Does 4 divide 228?
True
Is 42 a factor of 6493?
False
Does 2 divide 31?
False
Does 48 divide 2254?
False
Does 61 divide 244?
True
Is 25 a factor of 150?
True
Is 1463 a multiple of 7?
True
Is 139 a multiple of 2?
False
Is 13 a factor of 9180?
False
Is 4 a factor of 37?
False
Does 18 divide 216?
True
Is 53 a factor of 3498?
True
Is 142 a multiple of 13?
False
Does 24 divide 1392?
True
Is 12708 a multiple of 3?
True
Is 480 a multiple of 12?
True
Is 323 a multiple of 17?
True
Is 793 a multiple of 36?
False
Does 28 divide 7889?
False
Is 1065 a multiple of 6?
